{"id":1675,"date":"2012-02-01T11:44:07","date_gmt":"2012-02-01T09:44:07","guid":{"rendered":"http:\/\/achat.suisse-blog.ch\/?page_id=1675"},"modified":"2012-02-01T11:53:25","modified_gmt":"2012-02-01T09:53:25","slug":"tgv-paris","status":"publish","type":"page","link":"https:\/\/achat.suisse-blog.ch\/de\/boutique\/tgv-paris\/","title":{"rendered":"TGV Paris Saint-Valentin"},"content":{"rendered":"<p>A Paris en TGV pour la Saint-Valentin ou pour une occasion sp\u00e9ciale<\/p>\n<p><strong>Prix canons<\/strong><br \/>\nGen\u00e8ve -Paris \u00e0 partir de CHF 31.-<br \/>\nLausanne &#8211; Paris \u00e0 partir de CHF 31.-<br \/>\nNeuch\u00e2tel &#8211; Paris \u00e0 partir de CHF 31.-<\/p>\n<p><a title=\"Billets TGV Lausanne Gen\u00e8ve Paris\" href=\"https:\/\/vaud.suisse-blog.ch\/36\/tgv-lausanne-paris\/\">Billet TGV<\/a><\/p>\n<p>R\u00e9servation en ligne chez notre partenaire TGV-Lyria.com<br \/>\n<script type=\"text\/javascript\" src=\"http:\/\/impch.tradedoubler.com\/imp?g(20197304)a(1401567)\" charset=\"ISO-8859-1\"><\/script><\/p>\n<figure id=\"attachment_1679\" aria-describedby=\"caption-attachment-1679\" style=\"width: 500px\" class=\"wp-caption alignnone\"><a href=\"http:\/\/achat.suisse-blog.ch\/wp-content\/uploads\/2012\/02\/saintvalentin-coeurballon.png\"><img decoding=\"async\" class=\"size-large wp-image-1679 lazyload\" title=\"saintvalentin-coeurballon\" data-src=\"http:\/\/achat.suisse-blog.ch\/wp-content\/uploads\/2012\/02\/saintvalentin-coeurballon-500x303.png\" alt=\"\" width=\"500\" height=\"303\" data-srcset=\"https:\/\/achat.suisse-blog.ch\/wp-content\/uploads\/2012\/02\/saintvalentin-coeurballon-500x303.png 500w, https:\/\/achat.suisse-blog.ch\/wp-content\/uploads\/2012\/02\/saintvalentin-coeurballon-300x181.png 300w, https:\/\/achat.suisse-blog.ch\/wp-content\/uploads\/2012\/02\/saintvalentin-coeurballon.png 610w\" data-sizes=\"(max-width: 500px) 100vw, 500px\" src=\"data:image\/svg+xml;base64,PHN2ZyB3aWR0aD0iMSIgaGVpZ2h0PSIxIiB4bWxucz0iaHR0cDovL3d3dy53My5vcmcvMjAwMC9zdmciPjwvc3ZnPg==\" style=\"--smush-placeholder-width: 500px; --smush-placeholder-aspect-ratio: 500\/303;\" \/><\/a><figcaption id=\"caption-attachment-1679\" class=\"wp-caption-text\">Saint-Valentin<\/figcaption><\/figure>","protected":false},"excerpt":{"rendered":"<p>A Paris en TGV pour la Saint-Valentin ou pour une occasion sp\u00e9ciale Prix canons Gen\u00e8ve -Paris \u00e0 partir de CHF 31.- Lausanne &#8211; Paris \u00e0 partir de CHF 31.- Neuch\u00e2tel &#8211; Paris \u00e0 partir de CHF 31.- Billet TGV R\u00e9servation en ligne chez notre partenaire TGV-Lyria.com<\/p>","protected":false},"author":1,"featured_media":0,"parent":1486,"menu_order":0,"comment_status":"open","ping_status":"open","template":"full-page.php","meta":{"_kad_blocks_custom_css":"","_kad_blocks_head_custom_js":"","_kad_blocks_body_custom_js":"","_kad_blocks_footer_custom_js":"","_kadence_starter_templates_imported_post":false,"_kad_post_transparent":"","_kad_post_title":"","_kad_post_layout":"","_kad_post_sidebar_id":"","_kad_post_content_style":"","_kad_post_vertical_padding":"","_kad_post_feature":"","_kad_post_feature_position":"","_kad_post_header":false,"_kad_post_footer":false,"_kad_post_classname":"","footnotes":""},"class_list":["post-1675","page","type-page","status-publish","hentry"],"taxonomy_info":[],"featured_image_src_large":false,"author_info":{"display_name":"Achat online suisse","author_link":"https:\/\/achat.suisse-blog.ch\/de\/author\/admin\/"},"comment_info":1,"jetpack_sharing_enabled":true,"jetpack_likes_enabled":true,"jetpack-related-posts":[],"_links":{"self":[{"href":"https:\/\/achat.suisse-blog.ch\/de\/wp-json\/wp\/v2\/pages\/1675","targetHints":{"allow":["GET"]}}],"collection":[{"href":"https:\/\/achat.suisse-blog.ch\/de\/wp-json\/wp\/v2\/pages"}],"about":[{"href":"https:\/\/achat.suisse-blog.ch\/de\/wp-json\/wp\/v2\/types\/page"}],"author":[{"embeddable":true,"href":"https:\/\/achat.suisse-blog.ch\/de\/wp-json\/wp\/v2\/users\/1"}],"replies":[{"embeddable":true,"href":"https:\/\/achat.suisse-blog.ch\/de\/wp-json\/wp\/v2\/comments?post=1675"}],"version-history":[{"count":6,"href":"https:\/\/achat.suisse-blog.ch\/de\/wp-json\/wp\/v2\/pages\/1675\/revisions"}],"predecessor-version":[{"id":1681,"href":"https:\/\/achat.suisse-blog.ch\/de\/wp-json\/wp\/v2\/pages\/1675\/revisions\/1681"}],"up":[{"embeddable":true,"href":"https:\/\/achat.suisse-blog.ch\/de\/wp-json\/wp\/v2\/pages\/1486"}],"wp:attachment":[{"href":"https:\/\/achat.suisse-blog.ch\/de\/wp-json\/wp\/v2\/media?parent=1675"}],"curies":[{"name":"wp","href":"https:\/\/api.w.org\/{rel}","templated":true}]}}

<p>A Paris en TGV pour la Saint-Valentin ou pour une occasion spéciale</p>
<p><strong>Prix canons</strong><br />
Genève -Paris à partir de CHF 31.-<br />
Lausanne &#8211; Paris à partir de CHF 31.-<br />
Neuchâtel &#8211; Paris à partir de CHF 31.-</p>
<p><a title="Billets TGV Lausanne Genève Paris" href="https://vaud.suisse-blog.ch/36/tgv-lausanne-paris/">Billet TGV</a></p>
<p>Réservation en ligne chez notre partenaire TGV-Lyria.com<br />
<script type="text/javascript" src="http://impch.tradedoubler.com/imp?g(20197304)a(1401567)" charset="ISO-8859-1"></script></p>
<figure id="attachment_1679" aria-describedby="caption-attachment-1679" style="width: 500px" class="wp-caption alignnone"><a href="http://achat.suisse-blog.ch/wp-content/uploads/2012/02/saintvalentin-coeurballon.png"><img decoding="async" class="size-large wp-image-1679 lazyload" title="saintvalentin-coeurballon" data-src="http://achat.suisse-blog.ch/wp-content/uploads/2012/02/saintvalentin-coeurballon-500x303.png" alt="" width="500" height="303" data-srcset="https://achat.suisse-blog.ch/wp-content/uploads/2012/02/saintvalentin-coeurballon-500x303.png 500w, https://achat.suisse-blog.ch/wp-content/uploads/2012/02/saintvalentin-coeurballon-300x181.png 300w, https://achat.suisse-blog.ch/wp-content/uploads/2012/02/saintvalentin-coeurballon.png 610w" data-sizes="(max-width: 500px) 100vw, 500px" src="data:image/svg+xml;base64,PHN2ZyB3aWR0aD0iMSIgaGVpZ2h0PSIxIiB4bWxucz0iaHR0cDovL3d3dy53My5vcmcvMjAwMC9zdmciPjwvc3ZnPg==" style="--smush-placeholder-width: 500px; --smush-placeholder-aspect-ratio: 500/303;" /></a><figcaption id="caption-attachment-1679" class="wp-caption-text">Saint-Valentin</figcaption></figure>

<p>A Paris en TGV pour la Saint-Valentin ou pour une occasion spéciale Prix canons Genève -Paris à partir de CHF 31.- Lausanne &#8211; Paris à partir de CHF 31.- Neuchâtel &#8211; Paris à partir de CHF 31.- Billet TGV Réservation en ligne chez notre partenaire TGV-Lyria.com</p>
